*p + v + b = 0, 2*p + 4*v - 2184 = -0*p. Suppose x - p = -y, -x = -0*x - 3*y - 1062. Is x prime?
False
Let h = -5 + 2. Let m(w) = w**3 - 27*w**2 - 88*w - 62. Let k be m(30). Is h/(-2) + (3 - 3889/k) composite?
False
Let z be (-1 + -11)*(-24)/(-9). Is (-28)/z - 1 - (-4182)/48 composite?
True
Suppose -2*q - 3086847 = 50*q - 16576219. Is q a composite number?
False
Let f(v) = v**3 + 9*v**2 + 7*v - 2. Let g be f(-8). Suppose -g*x = -5*x - 78. Suppose -14*k = -12*k - x. Is k a prime number?
False
Let g(h) = 4*h**3 - 4*h**2 + h. Let x be g(3). Let s(m) = m**2 - 53*m + 187. Let p be s(5). Let j = p + x. Is j a composite number?
True
Let a(h) = -330*h + 164. Let w(l) = 329*l - 167. Let y(g) = 4*a(g) + 3*w(g). Is y(-8) composite?
False
Suppose -57*w + 1413608 = -917749. Is w composite?
True
Suppose -o - 21451 - 65724 = -3*c, -c + 5*o + 29049 = 0. Is c prime?
True
Suppose -216485 = -3*z - 2*i, -5*i - 288639 = 278*z - 282*z. Is z a composite number?
False
Let r(q) = 105*q**2 + 159*q + 2719. Is r(-44) a composite number?
True
Let c = 1856855 + -1020328. Is c composite?
True
Let o(v) = -293*v - 8. Suppose 0 = -m - 2*n + 4*n - 1, 8 = 2*n. Let c be o(m). Let p = c + 2948. Is p prime?
False
Let q = 62143 - -30030. Is q composite?
False
Let x = 7098 + -2046. Let k = 3211 + x. Is k composite?
False
Is 188/(-658) + (-1528286)/(-14) composite?
True
Let y(w) = -5*w + 1416*w**2 + 6012*w**2 + 10*w**2. Is y(1) prime?
True
Is (-185217)/(-11) - (-54)/594 prime?
False
Suppose 9*b - 1522982 = 702889. Is b prime?
False
Let o = -2231 - 87. Let p = 1620 + o. Let z = p - -3697. Is z prime?
True
Is -463161*(-1 - 34/(-51)) prime?
True
Let z = 453 + -2034. Let b = -10322 - -10324. Is (0 - (-6)/(-9))/(b/z) a composite number?
True
Suppose 2*b - 3*z - 20872 = 0, -41690 = -4*b + 30*z - 33*z. Is b composite?
False
Suppose -2*s = -12*s + 63870. Suppose 2*u = -u + s. Is u a prime number?
True
Let i(b) = 10*b**2 + 4*b - 13. Let v = 73 - 137. Let h = 70 + v. Is i(h) composite?
True
Let v(f) = 27*f + 218. Let h be v(-8). Suppose h*n - 29334 = -3*b - 2901, -4*n = -5*b + 44077. Is b a composite number?
True
Suppose 9833313 + 23545308 = 91*d - 16070870. Is d composite?
True
Let c(n) = 2*n - 44. Let x be c(24). Suppose -2*q + 14 = 2*y, 5*q - 3*y = -x*y + 15. Suppose 4*k + k = 2*z - 589, -q*z + 3*k = -599. Is z a composite number?
False
Let s(i) = 13*i**2 + 3*i + 1. Suppose 0 = 5*a + 3*a - 2*a. Suppose a = 4*m + u - 9 - 5, -13 = -3*m - 2*u. Is s(m) composite?
False
Let w(m) = -105*m**2 + 7*m + 39. Let b be w(-9). Is (b/6)/(7/(-14)) a prime number?
True
Suppose 0 = 11*j - 43*j + 138752. Suppose 12*f - 18908 = j. Is f prime?
False
Let v = 36 - 6. Suppose 0 = -3*r + 6 + v. Is r/28 - 14032/(-7) a composite number?
True
Let a(w) = -255*w + 20. Let g be a(-24). Suppose 0 = -6*i + 39682 + g. Suppose 5*f - i = -2*f. Is f prime?
True
Let z be -1*17*(24 - 22). Is 417630/105 + 2 + z/14 composite?
True
Let j(o) = 28*o**2 + 7*o - 14. Let m be j(7). Let p = 452 - m. Let x = p + 1638. Is x composite?
False
Suppose -5*n = 119 - 199. Let y(l) = 69*l + 8. Let s be y(6). Suppose 0 = n*o - 14*o - s. Is o prime?
True
Let w be (-21)/((-2856)/(-16)) - 57388/34. Let i = w - -2599. Is i prime?
True
Let v(q) be the third derivative of q**6/120 + q**5/60 - q**4/24 - 383*q**3/6 + 6*q**2. Let s be v(0). Let z = 258 - s. Is z prime?
True
Is (-29)/(928/(-8609388)) + (45/(-24))/5 a composite number?
True
Let h(q) be the third derivative of -q**3 + 23*q**2 + 0 + 0*q - 7/24*q**4. Is h(-7) prime?
True
Let x(c) = -19*c - 25. Let k(p) = p**2 + 8*p - 4. Let a be k(-9). Suppose -a = 3*w + 19. Is x(w) a prime number?
True
Let t(c) = -c**3 + 49*c**2 - 66*c + 253. Is t(33) a composite number?
True
Let c(j) = -148*j**2 + 10*j - 8. Let p be c(4). Let y = 301 + p. Let z = y - -2850. Is z a prime number?
False
Suppose 3*t = -5*t. Suppose t = -z + 291 - 2529. Is 5/(-8)*z + (-12)/(-48) prime?
True
Suppose -2*f + 51 = 5*p, 7*p - 21 = 6*p - 4*f. Suppose u = r - 318, -2*u - 17 = -p. Let d = r - -355. Is d composite?
True
Let s = -384 + 385. Is (3269/5 + s)*(-10)/(-4) a composite number?
False
Let m be (-52)/(-91) - 11/7. Let a(l) = -272*l**3 - l**2 + l + 1. Is a(m) a composite number?
False
Let k be 0 + 2 + 3 - -5519. Let l = 1407 + k. Is l a prime number?
False
Let z(a) be the first derivative of -3*a**4/4 - 13*a**3/3 - 11*a**2/2 - 21*a - 894. Suppose 4*c = -n + 3*n - 26, n = 4*c + 29. Is z(c) composite?
True
Suppose -62*n + 143704 + 540072 = -1121850. Is n a prime number?
True
Let m = 4821 - 3734. Is m prime?
True
Let u be 962/(-2)*(1 + -2). Let v be 2*-2 - (2 - u). Suppose -n = -4*n + 12, -3*d = n - v. Is d a composite number?
False
Suppose 0 = -5*n - 5, 0 = 20*l - 16*l - 3*n - 88727. Is l a prime number?
False
Let f = 180 + -170. Suppose -y = -s + 2477, -13*s + f*s = 5*y - 7431. Is s composite?
False
Suppose 0 = 2*s + 2*j + 18, -2*j + 11 + 19 = -2*s. Let n(a) = -a**3 - 9*a**2 - 7*a - 69. Is n(s) a prime number?
False
Suppose -5*k + 1531663 = -3*g, 0 = -203*k + 202*k - g + 306323. Is k composite?
False
Is (-2)/(-9) - 10/45 - -24379 prime?
True
Is 15 + 4667/26*8 composite?
False
Suppose 2*i = -5*s + 678422, i + s + 197045 = 536256. Is i a prime number?
True
Let f be -1*(-3)/(-21) + (-41)/7. Let t be (-7)/(-42) + (-11)/f. Suppose t*z - 500 = -2*q - 0*q, z - 247 = -2*q. Is z a composite number?
True
Suppose -2*t = -a - 0*a + 4, -2*a = t - 8. Suppose 5*u - 6*u + 60 = t. Let l = 451 - u. Is l a prime number?
False
Is -326 + 343 + 396264/1 composite?
True
Let v(w) = w**3 - 6*w**2 - 2*w + 14. Let m be v(7). Suppose -z = 3*k - 6766, -4*z + 45*k - m*k = -27096. Is z prime?
False
Suppose -l - 326 = f, 2*f = -2*l - 2*l - 662. Suppose 0 = -2*h - 419 + 1815. Let y = f + h. Is y a composite number?
True
Suppose 0 = 2*g - 3*g + 51. Is ((-104)/(-3) - -3)*g prime?
False
Let g(f) = -9*f**3 - 11*f**2 + 20*f - 3. Let s(z) = z**3 - 1. Let c(n) = g(n) + 6*s(n). Suppose 3*x - 21 = 3*p - 0*x, -p - 1 = -3*x. Is c(p) composite?
True
Let a(m) = -108*m**3 - 4*m**2 - 5*m - 3. Let h be a(4). Let x = h - -10326. Is x a prime number?
False
Is 10/280*-7*-432732 a prime number?
False
Let v(t) = -t - 2. Let l be v(-8). Let q be (-2)/(27/18*(-2)/l). Suppose -4*y + 6994 = 3*o, -o + 8737 = y + q*y. Is y prime?
True
Let c(f) = 77*f + 20. Let a be c(-5). Let g = a + 684. Is g composite?
True
Let a(n) = 2*n**3 - 16*n**2 - 6*n + 7. Let t(x) = -9*x - 51. Let o be t(-6). Suppose -4 = -5*q - 4*g + 40, -5*q + 72 = -o*g. Is a(q) composite?
False
Suppose -1 = 2*x - 5. Suppose -3*g - k + 2*k = -25631, -3*k + 17102 = x*g. Is ((-4)/10)/((-2)/g) a composite number?
False
Let t be (1 - 4)*4/(-3). Suppose 11*a = t*a - 8456. Is ((-52)/(-8) + -3)/((-4)/a) a prime number?
False
Suppose -2426 = -n + 4*d - 5*d, -4*n + 5*d = -9713. Let a = -4075 + 6500. Suppose q - 3*q + s + n = 0, -s = 2*q - a. Is q a composite number?
False
Suppose 7935 = 5*h - 2195. Let a = -50 + 175. Let w = h - a. Is w composite?
False
Suppose d - 137 = 3*l, l - 3*d + 191 = -3*l. Let f = -48 - l. Let i = f + 209. Is i a composite number?
True
Suppose 2*q + 5*i + 4413339 = 13*q, -5*q = 2*i - 2006029. Is q prime?
True
Suppose -57 = f - 4*f. Let s(k) = 34 - 101 + 13*k - 1 + 24. Is s(f) composite?
True
Suppose 133249 = a + 4*c, -3*a - 2*c = -251544 - 148233. Is a prime?
True
Let m be 25485/9 - (-2)/(-3). Let z = -1854 + m. Is z prime?
True
Let a(l) = 29*l**3 - 5*l**2 - 2*l - 15. Let p(x) = 87*x**3 - 17*x**2 - 8*x - 47. Let k(c) = 7*a(c) - 2*p(c). Is k(3) a prime number?
True
Let q = -643 + 641. Let i(b) = 448*b**2 - 14*b - 27. Is i(q) a composite number?
True
Let y = 923559 + 143700. Is y prime?
False
Suppose -3*x + 123 + 153 = 0. Let f be (-93)/(-36)*3*x. Let t = 6 + f. Is t a composite number?
False
Let o(c) = -c**2 + 56*c - 128. Let a = -991 - -1032. Is o(a) composite?
False
Let t = -284 - -286. Suppose -t*r - 2*f + 24010 = -12366, -5*r + 90937 = 2*f. Is r a prime number?
False
Let m be ((-5)/20 + 14/(-40))*5. Let f = m - -2. Is f + 1/((-3)/(-15156)) prime?
True
Suppose 7*m - 3*m - 5408 = 0. Let p = 543 + m. Suppose 5*b + p = 10*b. Is b composite?
False
Let a(y) = 412*y - 4653. Is a(106) prime?
True
Suppose 3*y + 5*d = 189152, -y = -4*y + d + 189182. Is y composite?
False
Suppose 6 = -4*p + 30. Suppose 3*c + 3*u - 561 = 0